[INFO] cloning repository https://github.com/cdbrkfxrpt/magritte
[INFO] running `Command { std: "git" "-c" "credential.helper=" "-c" "credential.helper=/workspace/cargo-home/bin/git-credential-null" "clone" "--bare" "https://github.com/cdbrkfxrpt/magritte" "/workspace/cache/git-repos/https%3A%2F%2Fgithub.com%2Fcdbrkfxrpt%2Fmagritte", kill_on_drop: false }`
[INFO] [stderr] Cloning into bare repository '/workspace/cache/git-repos/https%3A%2F%2Fgithub.com%2Fcdbrkfxrpt%2Fmagritte'...
[INFO] running `Command { std: "git" "rev-parse" "HEAD", kill_on_drop: false }`
[INFO] [stdout] 1cddf17285029385c7aabacd3df0f9ee737e8149
[INFO] checking cdbrkfxrpt/magritte against master#e6e4f7ed1589e03bc2f6c5931c1a72e7947e8682 for beta-170-4
[INFO] running `Command { std: "git" "clone" "/workspace/cache/git-repos/https%3A%2F%2Fgithub.com%2Fcdbrkfxrpt%2Fmagritte" "/workspace/builds/worker-6-tc2/source", kill_on_drop: false }`
[INFO] [stderr] Cloning into '/workspace/builds/worker-6-tc2/source'...
[INFO] [stderr] done.
[INFO] validating manifest of git repo https://github.com/cdbrkfxrpt/magritte on toolchain e6e4f7ed1589e03bc2f6c5931c1a72e7947e8682
[INFO] running `Command { std: CARGO_HOME="/workspace/cargo-home" RUSTUP_HOME="/workspace/rustup-home" "/workspace/cargo-home/bin/cargo" "+e6e4f7ed1589e03bc2f6c5931c1a72e7947e8682" "metadata" "--manifest-path" "Cargo.toml" "--no-deps", kill_on_drop: false }`
[INFO] removed /workspace/builds/worker-6-tc2/source/.cargo/config.toml
[INFO] started tweaking git repo https://github.com/cdbrkfxrpt/magritte
[INFO] finished tweaking git repo https://github.com/cdbrkfxrpt/magritte
[INFO] tweaked toml for git repo https://github.com/cdbrkfxrpt/magritte written to /workspace/builds/worker-6-tc2/source/Cargo.toml
[INFO] crate git repo https://github.com/cdbrkfxrpt/magritte already has a lockfile, it will not be regenerated
[INFO] running `Command { std: CARGO_HOME="/workspace/cargo-home" RUSTUP_HOME="/workspace/rustup-home" "/workspace/cargo-home/bin/cargo" "+e6e4f7ed1589e03bc2f6c5931c1a72e7947e8682" "fetch" "--manifest-path" "Cargo.toml", kill_on_drop: false }`
[INFO] running `Command { std: "docker" "create" "-v" "/var/lib/crater-agent-workspace/builds/worker-6-tc2/target:/opt/rustwide/target:rw,Z" "-v" "/var/lib/crater-agent-workspace/builds/worker-6-tc2/source:/opt/rustwide/workdir:ro,Z" "-v" "/var/lib/crater-agent-workspace/cargo-home:/opt/rustwide/cargo-home:ro,Z" "-v" "/var/lib/crater-agent-workspace/rustup-home:/opt/rustwide/rustup-home:ro,Z" "-e" "SOURCE_DIR=/opt/rustwide/workdir" "-e" "CARGO_TARGET_DIR=/opt/rustwide/target" "-e" "CARGO_HOME=/opt/rustwide/cargo-home" "-e" "RUSTUP_HOME=/opt/rustwide/rustup-home" "-w" "/opt/rustwide/workdir" "-m" "1610612736" "--user" "0:0" "--network" "none" "ghcr.io/rust-lang/crates-build-env/linux@sha256:19e73879b68f455e41552ea35293514db52ea292d993f571636dbffedb77a1ee" "/opt/rustwide/cargo-home/bin/cargo" "+e6e4f7ed1589e03bc2f6c5931c1a72e7947e8682" "metadata" "--no-deps" "--format-version=1", kill_on_drop: false }`
[INFO] [stdout] b6d2c8f47f921c5d12ef0eeb121cf379d3c6980cbe3a34339a60a28252f16c2f
[INFO] running `Command { std: "docker" "start" "-a" "b6d2c8f47f921c5d12ef0eeb121cf379d3c6980cbe3a34339a60a28252f16c2f", kill_on_drop: false }`
[INFO] running `Command { std: "docker" "inspect" "b6d2c8f47f921c5d12ef0eeb121cf379d3c6980cbe3a34339a60a28252f16c2f", kill_on_drop: false }`
[INFO] running `Command { std: "docker" "rm" "-f" "b6d2c8f47f921c5d12ef0eeb121cf379d3c6980cbe3a34339a60a28252f16c2f", kill_on_drop: false }`
[INFO] [stdout] b6d2c8f47f921c5d12ef0eeb121cf379d3c6980cbe3a34339a60a28252f16c2f
[INFO] running `Command { std: "docker" "create" "-v" "/var/lib/crater-agent-workspace/builds/worker-6-tc2/target:/opt/rustwide/target:rw,Z" "-v" "/var/lib/crater-agent-workspace/builds/worker-6-tc2/source:/opt/rustwide/workdir:ro,Z" "-v" "/var/lib/crater-agent-workspace/cargo-home:/opt/rustwide/cargo-home:ro,Z" "-v" "/var/lib/crater-agent-workspace/rustup-home:/opt/rustwide/rustup-home:ro,Z" "-e" "SOURCE_DIR=/opt/rustwide/workdir" "-e" "CARGO_TARGET_DIR=/opt/rustwide/target" "-e" "CARGO_INCREMENTAL=0" "-e" "RUST_BACKTRACE=full" "-e" "RUSTFLAGS=--cap-lints=forbid" "-e" "RUSTDOCFLAGS=--cap-lints=forbid" "-e" "CARGO_HOME=/opt/rustwide/cargo-home" "-e" "RUSTUP_HOME=/opt/rustwide/rustup-home" "-w" "/opt/rustwide/workdir" "-m" "1610612736" "--user" "0:0" "--network" "none" "ghcr.io/rust-lang/crates-build-env/linux@sha256:19e73879b68f455e41552ea35293514db52ea292d993f571636dbffedb77a1ee" "/opt/rustwide/cargo-home/bin/cargo" "+e6e4f7ed1589e03bc2f6c5931c1a72e7947e8682" "check" "--frozen" "--all" "--all-targets" "--message-format=json", kill_on_drop: false }`
[INFO] [stdout] 89b530ceb02dfefe5b251eae99279c869d1e14cd6812b1deb0abf1633ec7562b
[INFO] running `Command { std: "docker" "start" "-a" "89b530ceb02dfefe5b251eae99279c869d1e14cd6812b1deb0abf1633ec7562b", kill_on_drop: false }`
[INFO] [stderr]    Compiling proc-macro2 v1.0.39
[INFO] [stderr]    Compiling unicode-ident v1.0.1
[INFO] [stderr]    Compiling syn v1.0.96
[INFO] [stderr]     Checking cfg-if v1.0.0
[INFO] [stderr]    Compiling libc v0.2.126
[INFO] [stderr]     Checking once_cell v1.12.0
[INFO] [stderr]    Compiling memchr v2.5.0
[INFO] [stderr]    Compiling autocfg v1.1.0
[INFO] [stderr]    Compiling log v0.4.17
[INFO] [stderr]     Checking pin-project-lite v0.2.9
[INFO] [stderr]     Checking bytes v1.1.0
[INFO] [stderr]    Compiling futures-core v0.3.21
[INFO] [stderr]     Checking smallvec v1.8.0
[INFO] [stderr]    Compiling version_check v0.9.4
[INFO] [stderr]     Checking futures-sink v0.3.21
[INFO] [stderr]    Compiling parking_lot_core v0.9.3
[INFO] [stderr]    Compiling futures-task v0.3.21
[INFO] [stderr]     Checking scopeguard v1.1.0
[INFO] [stderr]    Compiling futures-channel v0.3.21
[INFO] [stderr]    Compiling futures-util v0.3.21
[INFO] [stderr]     Checking futures-io v0.3.21
[INFO] [stderr]     Checking tracing-core v0.1.27
[INFO] [stderr]     Checking pin-utils v0.1.0
[INFO] [stderr]     Checking slab v0.4.6
[INFO] [stderr]    Compiling typenum v1.15.0
[INFO] [stderr]     Checking itoa v1.0.2
[INFO] [stderr]     Checking fnv v1.0.7
[INFO] [stderr]     Checking ppv-lite86 v0.2.16
[INFO] [stderr]     Checking hashbrown v0.12.1
[INFO] [stderr]    Compiling serde_derive v1.0.137
[INFO] [stderr]    Compiling serde v1.0.137
[INFO] [stderr]    Compiling generic-array v0.14.5
[INFO] [stderr]     Checking regex-syntax v0.6.26
[INFO] [stderr]     Checking http v0.2.8
[INFO] [stderr]    Compiling async-trait v0.1.56
[INFO] [stderr]    Compiling lock_api v0.4.7
[INFO] [stderr]    Compiling indexmap v1.9.0
[INFO] [stderr]     Checking tower-service v0.3.2
[INFO] [stderr]    Compiling httparse v1.7.1
[INFO] [stderr]    Compiling anyhow v1.0.57
[INFO] [stderr]     Checking lazy_static v1.4.0
[INFO] [stderr]     Checking subtle v2.4.1
[INFO] [stderr]     Checking try-lock v0.2.3
[INFO] [stderr]     Checking base64 v0.13.0
[INFO] [stderr]    Compiling either v1.6.1
[INFO] [stderr]     Checking httpdate v1.0.2
[INFO] [stderr]     Checking want v0.3.0
[INFO] [stderr]     Checking tower-layer v0.3.1
[INFO] [stderr]     Checking bitflags v1.3.2
[INFO] [stderr]     Checking adler v1.0.2
[INFO] [stderr]     Checking ansi_term v0.12.1
[INFO] [stderr]     Checking tinyvec_macros v0.1.0
[INFO] [stderr]    Compiling quote v1.0.18
[INFO] [stderr]    Compiling itertools v0.10.3
[INFO] [stderr]     Checking miniz_oxide v0.5.3
[INFO] [stderr]     Checking tracing-log v0.1.3
[INFO] [stderr]     Checking tinyvec v1.6.0
[INFO] [stderr]     Checking sharded-slab v0.1.4
[INFO] [stderr]    Compiling proc-macro-error-attr v1.0.4
[INFO] [stderr]     Checking thread_local v1.1.4
[INFO] [stderr]    Compiling rustversion v1.0.9
[INFO] [stderr]     Checking socket2 v0.4.4
[INFO] [stderr]     Checking parking_lot v0.12.1
[INFO] [stderr]     Checking signal-hook-registry v1.4.0
[INFO] [stderr]     Checking num_cpus v1.13.1
[INFO] [stderr]     Checking mio v0.8.3
[INFO] [stderr]     Checking getrandom v0.2.7
[INFO] [stderr]     Checking http-body v0.4.5
[INFO] [stderr]     Checking percent-encoding v2.1.0
[INFO] [stderr]     Checking mime v0.3.16
[INFO] [stderr]     Checking byteorder v1.4.3
[INFO] [stderr]     Checking rand_core v0.6.3
[INFO] [stderr]    Compiling crc32fast v1.3.2
[INFO] [stderr]     Checking http-range-header v0.3.0
[INFO] [stderr]    Compiling num-traits v0.2.15
[INFO] [stderr]    Compiling proc-macro-error v1.0.4
[INFO] [stderr]     Checking matchit v0.5.0
[INFO] [stderr]    Compiling cc v1.0.73
[INFO] [stderr]     Checking sync_wrapper v0.1.1
[INFO] [stderr]     Checking cpufeatures v0.2.2
[INFO] [stderr]    Compiling crossbeam-utils v0.8.9
[INFO] [stderr]     Checking rand_chacha v0.3.1
[INFO] [stderr]     Checking unicode-bidi v0.3.8
[INFO] [stderr]     Checking fallible-iterator v0.2.0
[INFO] [stderr]    Compiling eyre v0.6.8
[INFO] [stderr]     Checking rand v0.8.5
[INFO] [stderr]     Checking siphasher v0.3.10
[INFO] [stderr]     Checking unicode-normalization v0.1.19
[INFO] [stderr]    Compiling serde_json v1.0.81
[INFO] [stderr]     Checking gimli v0.26.1
[INFO] [stderr]     Checking minimal-lexical v0.2.1
[INFO] [stderr]     Checking phf_shared v0.10.0
[INFO] [stderr]     Checking flate2 v1.0.24
[INFO] [stderr]     Checking nom v7.1.1
[INFO] [stderr]     Checking terminal_size v0.1.17
[INFO] [stderr]     Checking object v0.28.4
[INFO] [stderr]     Checking rustc-demangle v0.1.21
[INFO] [stderr]     Checking indenter v0.3.3
[INFO] [stderr]     Checking unicode-width v0.1.9
[INFO] [stderr]     Checking crypto-common v0.1.3
[INFO] [stderr]     Checking block-buffer v0.10.2
[INFO] [stderr]    Compiling heck v0.4.0
[INFO] [stderr]     Checking os_str_bytes v6.1.0
[INFO] [stderr]     Checking digest v0.10.3
[INFO] [stderr]     Checking regex-automata v0.1.10
[INFO] [stderr]     Checking regex v1.5.6
[INFO] [stderr]     Checking ryu v1.0.10
[INFO] [stderr]     Checking owo-colors v3.4.0
[INFO] [stderr]     Checking crossbeam-channel v0.5.5
[INFO] [stderr]     Checking clap_lex v0.2.2
[INFO] [stderr]     Checking hmac v0.12.1
[INFO] [stderr]     Checking sha2 v0.10.2
[INFO] [stderr]     Checking md-5 v0.10.1
[INFO] [stderr]    Compiling serde_closure v0.3.2
[INFO] [stderr]     Checking console v0.15.1
[INFO] [stderr]     Checking stringprep v0.1.2
[INFO] [stderr]     Checking phf v0.10.1
[INFO] [stderr]     Checking atty v0.2.14
[INFO] [stderr]     Checking termcolor v1.1.3
[INFO] [stderr]     Checking textwrap v0.15.0
[INFO] [stderr]     Checking postgres-protocol v0.6.4
[INFO] [stderr]     Checking number_prefix v0.4.0
[INFO] [stderr]     Checking strsim v0.10.0
[INFO] [stderr]    Compiling backtrace v0.3.65
[INFO] [stderr]     Checking humantime v2.1.0
[INFO] [stderr]    Compiling indoc v1.0.7
[INFO] [stderr]     Checking indicatif v0.17.0
[INFO] [stderr]     Checking diff v0.1.12
[INFO] [stderr]     Checking boolinator v2.4.0
[INFO] [stderr]     Checking downcast-rs v1.2.0
[INFO] [stderr]     Checking array_tool v1.0.3
[INFO] [stderr]     Checking wildmatch v2.1.1
[INFO] [stderr]     Checking pretty_assertions v1.2.1
[INFO] [stderr]     Checking matchers v0.1.0
[INFO] [stderr]     Checking postgres-types v0.2.3
[INFO] [stderr]     Checking hdrhistogram v7.5.0
[INFO] [stderr]     Checking addr2line v0.17.0
[INFO] [stderr]    Compiling tracing-attributes v0.1.21
[INFO] [stderr]    Compiling futures-macro v0.3.21
[INFO] [stderr]    Compiling tokio-macros v1.8.0
[INFO] [stderr]    Compiling pin-project-internal v1.0.10
[INFO] [stderr]    Compiling prost-derive v0.10.1
[INFO] [stderr]    Compiling async-stream-impl v0.3.3
[INFO] [stderr]    Compiling serde_closure_derive v0.3.2
[INFO] [stderr]    Compiling clap_derive v3.2.5
[INFO] [stderr]    Compiling derivative v2.2.0
[INFO] [stderr]     Checking tokio v1.19.2
[INFO] [stderr]     Checking async-stream v0.3.3
[INFO] [stderr]     Checking pin-project v1.0.10
[INFO] [stderr]     Checking tracing v0.1.35
[INFO] [stderr]     Checking tracing-subscriber v0.3.11
[INFO] [stderr]     Checking tracing-futures v0.2.5
[INFO] [stderr]     Checking prost v0.10.4
[INFO] [stderr]     Checking clap v3.2.5
[INFO] [stderr]     Checking prost-types v0.10.1
[INFO] [stderr]     Checking tracing-error v0.2.0
[INFO] [stderr]     Checking color-spantrace v0.2.0
[INFO] [stderr]     Checking color-eyre v0.6.1
[INFO] [stderr]     Checking axum-core v0.2.5
[INFO] [stderr]     Checking futures-executor v0.3.21
[INFO] [stderr]     Checking futures v0.3.21
[INFO] [stderr]     Checking tokio-util v0.7.3
[INFO] [stderr]     Checking tokio-io-timeout v1.2.0
[INFO] [stderr]     Checking h2 v0.3.13
[INFO] [stderr]     Checking tower v0.4.13
[INFO] [stderr]     Checking tokio-stream v0.1.9
[INFO] [stderr]     Checking tokio-postgres v0.7.6
[INFO] [stderr]     Checking toml v0.5.9
[INFO] [stdout] error[E0059]: type parameter to bare `std::ops::FnOnce` trait must be a tuple
[INFO] [stdout]    --> /opt/rustwide/cargo-home/registry/src/index.crates.io-6f17d22bba15001f/serde_closure-0.3.2/src/lib.rs:572:6
[INFO] [stdout]     |
[INFO] [stdout] 572 |         T: ops::FnOnce<Args>,
[INFO] [stdout]     |            ^^^^^^^^^^^^^^^^^ the trait `Tuple` is not implemented for `Args`
[INFO] [stdout]     |
[INFO] [stdout] note: required by a bound in `std::ops::FnOnce`
[INFO] [stdout]    --> /rustc/e6e4f7ed1589e03bc2f6c5931c1a72e7947e8682/library/core/src/ops/function.rs:242:1
[INFO] [stdout] help: consider further restricting type parameter `Args`
[INFO] [stdout]     |
[INFO] [stdout] 572 |         T: ops::FnOnce<Args>, Args: std::marker::Tuple
[INFO] [stdout]     |                             ~~~~~~~~~~~~~~~~~~~~~~~~~~
[INFO] [stdout] 
[INFO] [stdout] 
[INFO] [stdout] error[E0059]: type parameter to bare `std::ops::FnMut` trait must be a tuple
[INFO] [stdout]    --> /opt/rustwide/cargo-home/registry/src/index.crates.io-6f17d22bba15001f/serde_closure-0.3.2/src/lib.rs:606:6
[INFO] [stdout]     |
[INFO] [stdout] 606 |         T: ops::FnMut<Args>,
[INFO] [stdout]     |            ^^^^^^^^^^^^^^^^ the trait `Tuple` is not implemented for `Args`
[INFO] [stdout]     |
[INFO] [stdout] note: required by a bound in `std::ops::FnMut`
[INFO] [stdout]    --> /rustc/e6e4f7ed1589e03bc2f6c5931c1a72e7947e8682/library/core/src/ops/function.rs:163:1
[INFO] [stdout] help: consider further restricting type parameter `Args`
[INFO] [stdout]     |
[INFO] [stdout] 606 |         T: ops::FnMut<Args>, Args: std::marker::Tuple
[INFO] [stdout]     |                            ~~~~~~~~~~~~~~~~~~~~~~~~~~
[INFO] [stdout] 
[INFO] [stdout] 
[INFO] [stdout] error[E0059]: type parameter to bare `std::ops::Fn` trait must be a tuple
[INFO] [stdout]    --> /opt/rustwide/cargo-home/registry/src/index.crates.io-6f17d22bba15001f/serde_closure-0.3.2/src/lib.rs:638:6
[INFO] [stdout]     |
[INFO] [stdout] 638 |         T: ops::Fn<Args>,
[INFO] [stdout]     |            ^^^^^^^^^^^^^ the trait `Tuple` is not implemented for `Args`
[INFO] [stdout]     |
[INFO] [stdout] note: required by a bound in `std::ops::Fn`
[INFO] [stdout]    --> /rustc/e6e4f7ed1589e03bc2f6c5931c1a72e7947e8682/library/core/src/ops/function.rs:76:1
[INFO] [stdout] help: consider further restricting type parameter `Args`
[INFO] [stdout]     |
[INFO] [stdout] 638 |         T: ops::Fn<Args>, Args: std::marker::Tuple
[INFO] [stdout]     |                         ~~~~~~~~~~~~~~~~~~~~~~~~~~
[INFO] [stdout] 
[INFO] [stdout] 
[INFO] [stdout] error[E0059]: type parameter to bare `std::ops::FnOnce` trait must be a tuple
[INFO] [stdout]    --> /opt/rustwide/cargo-home/registry/src/index.crates.io-6f17d22bba15001f/serde_closure-0.3.2/src/lib.rs:574:17
[INFO] [stdout]     |
[INFO] [stdout] 574 |         type Output = T::Output;
[INFO] [stdout]     |                       ^^^^^^^^^ the trait `Tuple` is not implemented for `Args`
[INFO] [stdout]     |
[INFO] [stdout] note: required by a bound in `std::ops::FnOnce`
[INFO] [stdout]    --> /rustc/e6e4f7ed1589e03bc2f6c5931c1a72e7947e8682/library/core/src/ops/function.rs:242:1
[INFO] [stdout] help: consider further restricting type parameter `Args`
[INFO] [stdout]     |
[INFO] [stdout] 572 |         T: ops::FnOnce<Args>, Args: std::marker::Tuple
[INFO] [stdout]     |                             ~~~~~~~~~~~~~~~~~~~~~~~~~~
[INFO] [stdout] 
[INFO] [stdout] 
[INFO] [stdout] error[E0059]: type parameter to bare `std::ops::FnOnce` trait must be a tuple
[INFO] [stdout]    --> /opt/rustwide/cargo-home/registry/src/index.crates.io-6f17d22bba15001f/serde_closure-0.3.2/src/lib.rs:700:13
[INFO] [stdout]     |
[INFO] [stdout] 700 |     impl<F, I> std::ops::FnOnce<I> for FnOnce<F>
[INFO] [stdout]     |                ^^^^^^^^^^^^^^^^^^^ the trait `Tuple` is not implemented for `I`
[INFO] [stdout]     |
[INFO] [stdout] note: required by a bound in `std::ops::FnOnce`
[INFO] [stdout]    --> /rustc/e6e4f7ed1589e03bc2f6c5931c1a72e7947e8682/library/core/src/ops/function.rs:242:1
[INFO] [stdout] help: consider further restricting type parameter `I`
[INFO] [stdout]     |
[INFO] [stdout] 702 |         F: internal::FnOnce<I>, I: std::marker::Tuple
[INFO] [stdout]     |                               ~~~~~~~~~~~~~~~~~~~~~~~
[INFO] [stdout] 
[INFO] [stdout] 
[INFO] [stdout] error[E0059]: type parameter to bare `std::ops::FnOnce` trait must be a tuple
[INFO] [stdout]    --> /opt/rustwide/cargo-home/registry/src/index.crates.io-6f17d22bba15001f/serde_closure-0.3.2/src/lib.rs:758:13
[INFO] [stdout]     |
[INFO] [stdout] 758 |     impl<F, I> std::ops::FnOnce<I> for FnMut<F>
[INFO] [stdout]     |                ^^^^^^^^^^^^^^^^^^^ the trait `Tuple` is not implemented for `I`
[INFO] [stdout]     |
[INFO] [stdout] note: required by a bound in `std::ops::FnOnce`
[INFO] [stdout]    --> /rustc/e6e4f7ed1589e03bc2f6c5931c1a72e7947e8682/library/core/src/ops/function.rs:242:1
[INFO] [stdout] help: consider further restricting type parameter `I`
[INFO] [stdout]     |
[INFO] [stdout] 760 |         F: internal::FnOnce<I>, I: std::marker::Tuple
[INFO] [stdout]     |                               ~~~~~~~~~~~~~~~~~~~~~~~
[INFO] [stdout] 
[INFO] [stdout] 
[INFO] [stdout] error[E0059]: type parameter to bare `std::ops::FnMut` trait must be a tuple
[INFO] [stdout]    --> /opt/rustwide/cargo-home/registry/src/index.crates.io-6f17d22bba15001f/serde_closure-0.3.2/src/lib.rs:781:13
[INFO] [stdout]     |
[INFO] [stdout] 781 |     impl<F, I> std::ops::FnMut<I> for FnMut<F>
[INFO] [stdout]     |                ^^^^^^^^^^^^^^^^^^ the trait `Tuple` is not implemented for `I`
[INFO] [stdout]     |
[INFO] [stdout] note: required by a bound in `std::ops::FnMut`
[INFO] [stdout]    --> /rustc/e6e4f7ed1589e03bc2f6c5931c1a72e7947e8682/library/core/src/ops/function.rs:163:1
[INFO] [stdout] help: consider further restricting type parameter `I`
[INFO] [stdout]     |
[INFO] [stdout] 783 |         F: internal::FnMut<I>, I: std::marker::Tuple
[INFO] [stdout]     |                              ~~~~~~~~~~~~~~~~~~~~~~~
[INFO] [stdout] 
[INFO] [stdout] 
[INFO] [stdout] error[E0059]: type parameter to bare `std::ops::FnOnce` trait must be a tuple
[INFO] [stdout]    --> /opt/rustwide/cargo-home/registry/src/index.crates.io-6f17d22bba15001f/serde_closure-0.3.2/src/lib.rs:836:13
[INFO] [stdout]     |
[INFO] [stdout] 836 |     impl<F, I> std::ops::FnOnce<I> for Fn<F>
[INFO] [stdout]     |                ^^^^^^^^^^^^^^^^^^^ the trait `Tuple` is not implemented for `I`
[INFO] [stdout]     |
[INFO] [stdout] note: required by a bound in `std::ops::FnOnce`
[INFO] [stdout]    --> /rustc/e6e4f7ed1589e03bc2f6c5931c1a72e7947e8682/library/core/src/ops/function.rs:242:1
[INFO] [stdout] help: consider further restricting type parameter `I`
[INFO] [stdout]     |
[INFO] [stdout] 838 |         F: internal::FnOnce<I>, I: std::marker::Tuple
[INFO] [stdout]     |                               ~~~~~~~~~~~~~~~~~~~~~~~
[INFO] [stdout] 
[INFO] [stdout] 
[INFO] [stdout] error[E0059]: type parameter to bare `std::ops::FnMut` trait must be a tuple
[INFO] [stdout]    --> /opt/rustwide/cargo-home/registry/src/index.crates.io-6f17d22bba15001f/serde_closure-0.3.2/src/lib.rs:859:13
[INFO] [stdout]     |
[INFO] [stdout] 859 |     impl<F, I> std::ops::FnMut<I> for Fn<F>
[INFO] [stdout]     |                ^^^^^^^^^^^^^^^^^^ the trait `Tuple` is not implemented for `I`
[INFO] [stdout]     |
[INFO] [stdout] note: required by a bound in `std::ops::FnMut`
[INFO] [stdout]    --> /rustc/e6e4f7ed1589e03bc2f6c5931c1a72e7947e8682/library/core/src/ops/function.rs:163:1
[INFO] [stdout] help: consider further restricting type parameter `I`
[INFO] [stdout]     |
[INFO] [stdout] 861 |         F: internal::FnMut<I>, I: std::marker::Tuple
[INFO] [stdout]     |                              ~~~~~~~~~~~~~~~~~~~~~~~
[INFO] [stdout] 
[INFO] [stdout] 
[INFO] [stdout] error[E0059]: type parameter to bare `std::ops::Fn` trait must be a tuple
[INFO] [stdout]    --> /opt/rustwide/cargo-home/registry/src/index.crates.io-6f17d22bba15001f/serde_closure-0.3.2/src/lib.rs:880:13
[INFO] [stdout]     |
[INFO] [stdout] 880 |     impl<F, I> std::ops::Fn<I> for Fn<F>
[INFO] [stdout]     |                ^^^^^^^^^^^^^^^ the trait `Tuple` is not implemented for `I`
[INFO] [stdout]     |
[INFO] [stdout] note: required by a bound in `std::ops::Fn`
[INFO] [stdout]    --> /rustc/e6e4f7ed1589e03bc2f6c5931c1a72e7947e8682/library/core/src/ops/function.rs:76:1
[INFO] [stdout] help: consider further restricting type parameter `I`
[INFO] [stdout]     |
[INFO] [stdout] 882 |         F: internal::Fn<I>, I: std::marker::Tuple
[INFO] [stdout]     |                           ~~~~~~~~~~~~~~~~~~~~~~~
[INFO] [stdout] 
[INFO] [stdout] 
[INFO] [stdout] error[E0277]: functions with the "rust-call" ABI must take a single non-self tuple argument
[INFO] [stdout]    --> /opt/rustwide/cargo-home/registry/src/index.crates.io-6f17d22bba15001f/serde_closure-0.3.2/src/lib.rs:707:3
[INFO] [stdout]     |
[INFO] [stdout] 707 |         extern "rust-call" fn call_once(self, args: I) -> Self::Output {
[INFO] [stdout]     |         ^^^^^^^^^^^^^^^^^^^^^^^^^^^^^^^^^^^^^^^^^^^^^^^^^^^^^^^^^^^^^^ the trait `Tuple` is not implemented for `I`
[INFO] [stdout]     |
[INFO] [stdout] help: consider further restricting type parameter `I`
[INFO] [stdout]     |
[INFO] [stdout] 702 |         F: internal::FnOnce<I>, I: std::marker::Tuple
[INFO] [stdout]     |                               ~~~~~~~~~~~~~~~~~~~~~~~
[INFO] [stdout] 
[INFO] [stdout] 
[INFO] [stdout] error[E0277]: functions with the "rust-call" ABI must take a single non-self tuple argument
[INFO] [stdout]    --> /opt/rustwide/cargo-home/registry/src/index.crates.io-6f17d22bba15001f/serde_closure-0.3.2/src/lib.rs:765:3
[INFO] [stdout]     |
[INFO] [stdout] 765 |         extern "rust-call" fn call_once(self, args: I) -> Self::Output {
[INFO] [stdout]     |         ^^^^^^^^^^^^^^^^^^^^^^^^^^^^^^^^^^^^^^^^^^^^^^^^^^^^^^^^^^^^^^ the trait `Tuple` is not implemented for `I`
[INFO] [stdout]     |
[INFO] [stdout] help: consider further restricting type parameter `I`
[INFO] [stdout]     |
[INFO] [stdout] 760 |         F: internal::FnOnce<I>, I: std::marker::Tuple
[INFO] [stdout]     |                               ~~~~~~~~~~~~~~~~~~~~~~~
[INFO] [stdout] 
[INFO] [stdout] 
[INFO] [stdout] error[E0277]: functions with the "rust-call" ABI must take a single non-self tuple argument
[INFO] [stdout]    --> /opt/rustwide/cargo-home/registry/src/index.crates.io-6f17d22bba15001f/serde_closure-0.3.2/src/lib.rs:786:3
[INFO] [stdout]     |
[INFO] [stdout] 786 |         extern "rust-call" fn call_mut(&mut self, args: I) -> Self::Output {
[INFO] [stdout]     |         ^^^^^^^^^^^^^^^^^^^^^^^^^^^^^^^^^^^^^^^^^^^^^^^^^^^^^^^^^^^^^^^^^^ the trait `Tuple` is not implemented for `I`
[INFO] [stdout]     |
[INFO] [stdout] help: consider further restricting type parameter `I`
[INFO] [stdout]     |
[INFO] [stdout] 783 |         F: internal::FnMut<I>, I: std::marker::Tuple
[INFO] [stdout]     |                              ~~~~~~~~~~~~~~~~~~~~~~~
[INFO] [stdout] 
[INFO] [stdout] 
[INFO] [stdout] error[E0277]: functions with the "rust-call" ABI must take a single non-self tuple argument
[INFO] [stdout]    --> /opt/rustwide/cargo-home/registry/src/index.crates.io-6f17d22bba15001f/serde_closure-0.3.2/src/lib.rs:843:3
[INFO] [stdout]     |
[INFO] [stdout] 843 |         extern "rust-call" fn call_once(self, args: I) -> Self::Output {
[INFO] [stdout]     |         ^^^^^^^^^^^^^^^^^^^^^^^^^^^^^^^^^^^^^^^^^^^^^^^^^^^^^^^^^^^^^^ the trait `Tuple` is not implemented for `I`
[INFO] [stdout]     |
[INFO] [stdout] help: consider further restricting type parameter `I`
[INFO] [stdout]     |
[INFO] [stdout] 838 |         F: internal::FnOnce<I>, I: std::marker::Tuple
[INFO] [stdout]     |                               ~~~~~~~~~~~~~~~~~~~~~~~
[INFO] [stdout] 
[INFO] [stdout] 
[INFO] [stdout] error[E0277]: functions with the "rust-call" ABI must take a single non-self tuple argument
[INFO] [stdout]    --> /opt/rustwide/cargo-home/registry/src/index.crates.io-6f17d22bba15001f/serde_closure-0.3.2/src/lib.rs:864:3
[INFO] [stdout]     |
[INFO] [stdout] 864 |         extern "rust-call" fn call_mut(&mut self, args: I) -> Self::Output {
[INFO] [stdout]     |         ^^^^^^^^^^^^^^^^^^^^^^^^^^^^^^^^^^^^^^^^^^^^^^^^^^^^^^^^^^^^^^^^^^ the trait `Tuple` is not implemented for `I`
[INFO] [stdout]     |
[INFO] [stdout] help: consider further restricting type parameter `I`
[INFO] [stdout]     |
[INFO] [stdout] 861 |         F: internal::FnMut<I>, I: std::marker::Tuple
[INFO] [stdout]     |                              ~~~~~~~~~~~~~~~~~~~~~~~
[INFO] [stdout] 
[INFO] [stdout] 
[INFO] [stdout] error[E0277]: functions with the "rust-call" ABI must take a single non-self tuple argument
[INFO] [stdout]    --> /opt/rustwide/cargo-home/registry/src/index.crates.io-6f17d22bba15001f/serde_closure-0.3.2/src/lib.rs:885:3
[INFO] [stdout]     |
[INFO] [stdout] 885 |         extern "rust-call" fn call(&self, args: I) -> Self::Output {
[INFO] [stdout]     |         ^^^^^^^^^^^^^^^^^^^^^^^^^^^^^^^^^^^^^^^^^^^^^^^^^^^^^^^^^^ the trait `Tuple` is not implemented for `I`
[INFO] [stdout]     |
[INFO] [stdout] help: consider further restricting type parameter `I`
[INFO] [stdout]     |
[INFO] [stdout] 882 |         F: internal::Fn<I>, I: std::marker::Tuple
[INFO] [stdout]     |                           ~~~~~~~~~~~~~~~~~~~~~~~
[INFO] [stdout] 
[INFO] [stdout] 
[INFO] [stdout] error: aborting due to 16 previous errors
[INFO] [stdout] 
[INFO] [stdout] 
[INFO] [stdout] Some errors have detailed explanations: E0059, E0277.
[INFO] [stdout] 
[INFO] [stdout] For more information about an error, try `rustc --explain E0059`.
[INFO] [stdout] 
[INFO] [stderr] error: could not compile `serde_closure` (lib) due to 17 previous errors
[INFO] [stderr] warning: build failed, waiting for other jobs to finish...
[INFO] running `Command { std: "docker" "inspect" "89b530ceb02dfefe5b251eae99279c869d1e14cd6812b1deb0abf1633ec7562b", kill_on_drop: false }`
[INFO] running `Command { std: "docker" "rm" "-f" "89b530ceb02dfefe5b251eae99279c869d1e14cd6812b1deb0abf1633ec7562b", kill_on_drop: false }`
[INFO] [stdout] 89b530ceb02dfefe5b251eae99279c869d1e14cd6812b1deb0abf1633ec7562b
